(0). Calculate the greatest common factor of v and 5.
1
Suppose 0*v = -v - 22. Let a be (-53)/(-11) - 4/v. Suppose -a*h = -2*h - 9. Calculate the greatest common factor of 24 and h.
3
Suppose -5*g - 5 = -10*g. What is the highest common factor of 1 and g?
1
Let a = 8 + -5. Suppose r + 27 = -2*c, -r + a = 2*r. Let k = 21 - c. What is the greatest common divisor of 14 and k?
7
Suppose 32 = d - 38. Calculate the greatest common divisor of d and 10.
10
Let i(n) = 5*n**3 - 3*n**2 + 3*n. Let o be i(2). Calculate the greatest common factor of 238 and o.
34
Suppose 59 - 301 = -c. What is the greatest common divisor of 22 and c?
22
Suppose 5*w - 79 = 416. Calculate the greatest common factor of w and 9.
9
Let g = -6 - -10. Suppose g*o = 4*w - 57 - 123, -39 = -w - o. What is the greatest common divisor of 14 and w?
14
Suppose -q + 0*q - 8 = -2*v, -72 = 5*q - 2*v. Let h = q - -11. Let n(l) = -l**2 - 6*l - 3. Let w be n(h). Calculate the highest common divisor of 1 and w.
1
Let m = -5 + 5. Suppose m = i - 2*g + 12, g = -5*i - 5. Let s be 13 - (i - 0/3). Calculate the greatest common divisor of 10 and s.
5
Suppose -2*v + 5*w = -24, -60 = -2*v - 3*v - w. What is the greatest common divisor of v and 12?
12
Let o(g) = g**3 + 7*g**2 - 3*g - 5. Let c be o(-5). Calculate the highest common divisor of 15 and c.
15
Let b(i) = 5*i - 31. Let x be b(11). What is the greatest common divisor of 84 and x?
12
Let r(f) be the third derivative of f**4/3 - 5*f**3/6 - 4*f**2. Let h be r(4). What is the greatest common factor of 3 and h?
3
Let z = 25 - 12. Suppose 0 = 2*j - 3*j + 3. Suppose j*y - y = -4*t + 564, -y = -5*t + 719. What is the highest common divisor of t and z?
13
Suppose 5*o = -0*o. Suppose 0 = -o*s + 5*s - 5. Calculate the highest common divisor of s and 11.
1
Let w be (-1*1)/(4/24). Let t(d) = 3*d + 6. Let n be t(w). Let c be ((-8)/n)/((-2)/(-15)). What is the highest common factor of c and 40?
5
Let i(s) = 2*s**2 + s - 12. Let n be i(10). Suppose 0*d + 2*d = n. Calculate the highest common divisor of 11 and d.
11
Let k be (-16)/(-12) + (-2)/(-3). Let y be (-6)/(((-3)/k)/1). What is the greatest common divisor of 4 and y?
4
Let v = -20 + -86. Let c = -36 - v. Let h = -16 + 23. Calculate the greatest common divisor of h and c.
7
Let a = -198 - -370. Let g = a - 112. Calculate the highest common divisor of 30 and g.
30
Let g = 3 + 2. Let q(j) = -2*j + 6. Let a be q(6). Let z(t) = -t**2 - 15*t - 9. Let f be z(a). Calculate the greatest common divisor of g and f.
5
Suppose -4*f = g - 17, -3*g + 35 = 2*g - 5*f. Suppose 6*n = g*n - 12. What is the highest common divisor of 36 and n?
4
Suppose 43 = 5*r + 2*c, 4*c + 5 = 3*r - 0*c. Let z = 10 + r. Let o(n) = 11*n - 13. Let g be o(12). Calculate the highest common factor of g and z.
17
Let w = -14 - -24. Suppose 4*f = w + 6. Calculate the highest common factor of f and 6.
2
Let f = -26 - -28. Suppose -5*l + 59 = 5*c - 36, 2*l = -4*c + 70. Calculate the greatest common factor of c and f.
2
Let c be 0/(-2 + 0) + 3. Let z(u) = 2*u - u**c + 0*u + 0*u**2 + 5*u + 2*u**2 + 4. Let o be z(-5). What is the greatest common divisor of o and 16?
16
Let z(r) = r**3 - r**2 - 2*r - 1. Let w be z(-1). Let y be (-14)/((-5)/4 - w). Calculate the greatest common factor of y and 8.
8
Let d be (2/(-2))/(2/(-24)). Let z = 3 - -1. Let o(v) = -v**3 + 4*v**2 + 4*v + 2. Let f be o(z). What is the highest common divisor of f and d?
6
Let u = -70 - -74. Calculate the greatest common factor of 10 and u.
2
Let r = 3 + -15. Let y be (-3)/(r/32) + -2. Calculate the greatest common factor of 30 and y.
6
Let s = 3 + 6. Calculate the highest common factor of s and 1.
1
Let t = 118 + -15. Let z = t - 68. Let a be ((-30)/z)/(2/(-98)). What is the highest common divisor of a and 28?
14
Suppose 0 = -3*l - 0*l + 15. Calculate the greatest common divisor of l and 15.
5
Let j(a) = -a + 4*a**2 + 4 + 4*a**2 - a - 2. Let o be j(2). Let c be 125/(-10)*(-5 + -1). Calculate the highest common factor of c and o.
15
Let n be (476/(-6))/((-28)/42). What is the greatest common divisor of 17 and n?
17
Let m be 27/9 + (1 - 19). Let v(y) = -y - 9. Let u be v(m). What is the highest common divisor of 42 and u?
6
Let l be (7 - 0)*(3 + 2 + -4). Suppose -x - 4*x = -2*b - 325, -3*x + 164 = 5*b. What is the greatest common factor of l and x?
7
Let w be 16/(-72) + 130/18. Calculate the highest common factor of w and 56.
7
Suppose -5*t = -8 - 22. Let x = 5 + t. What is the greatest common divisor of 121 and x?
11
Let h = 0 + 2. Let g(b) = b**2 - 2*b + 1. Let n be g(3). Calculate the highest common divisor of h and n.
2
Suppose -245 = 3*h - 8*h. Calculate the highest common factor of h and 7.
7
Let j(d) = d**2 - 5*d - 27. Let m be j(-9). Calculate the greatest common factor of 9 and m.
9
Let r = 20 - 12. Suppose r*u - 3*u - 537 = -4*q, 5*u - 2*q = 519. What is the greatest common factor of u and 15?
15
Let k be -991*1/(-2)*2. Suppose 61 - k = -5*x. Suppose z - 32 = -2*q, 3*q + x = 5*z - 0*q. Calculate the highest common divisor of z and 4.
4
Let z be (-2 + 1)/((-2)/6). Calculate the greatest common divisor of 24 and z.
3
Let q = 27 - 3. Calculate the highest common factor of 72 and q.
24
Let y(m) = m**3 - 13*m**2 - 7*m - 14. Let l be y(14). Let q be 70/6 + (-1)/(-3). Calculate the greatest common factor of l and q.
12
Suppose -3*b + 41 = 11. What is the greatest common divisor of b and 30?
10
Let i(h) = 1 - 2 - h + 2*h. Let d be 4*(9/6 + -1). Let p be i(d). Calculate the highest common divisor of p and 5.
1
Let c = 34 - 16. Let k = c + -14. Let u(p) = 3*p**2 + 4*p - 3. Let g be u(3). What is the highest common factor of k and g?
4
Suppose 5*i + 3*t + 39 = 112, -i + 5*t + 37 = 0. Let s = -9 + i. Calculate the highest common divisor of s and 88.
8
Suppose -3*w + 5*g = -20 - 35, 4*w + 5*g - 15 = 0. Let a(h) = 3*h - 18. Let f be a(w). What is the greatest common divisor of f and 48?
12
Let a = 42 - 70. Let w = a - -41. Calculate the highest common divisor of 117 and w.
13
Let v(b) = -17*b - 4. Let r be v(-8). Let l = -7 - -19. Calculate the highest common factor of l and r.
12
Let f be 8 - 1 - (-5)/(-5). Suppose f*u = u + 35. Let y be (-123)/(-9) - 2/(-6). What is the greatest common factor of u and y?
7
Let n = -26 - -32. Let f be 1 - 57/n*-2. What is the highest common factor of f and 40?
20
Let l be 6/(0 + (3 - 1)). Let w be (1/2)/(l/120). Suppose 4*q + 10 = 5*q. What is the greatest common divisor of q and w?
10
Suppose -2*a + 20 + 28 = 0. Let w(y) = y**3 - 5*y**2 + y - 2. Let u be w(5). Calculate the greatest common divisor of u and a.
3
Suppose 12*h + 2240 = 20*h. Calculate the highest common divisor of h and 35.
35
Let d(b) = -25*b + 8. Let y be d(-4). Calculate the highest common factor of y and 72.
36
Let i = 12 - 7. Let p = -10 - -15. Calculate the greatest common factor of i and p.
5
Suppose w = -3*w + 208. Calculate the highest common divisor of w and 13.
13
Suppose -3*q - 36 = -12*q. Let x(g) = 7*g**2 - 3*g - 2. Let d be x(-2). What is the greatest common factor of d and q?
4
Suppose 5*i - 995 = -a, -2*i = 13*a - 11*a - 406. Calculate the highest common divisor of 22 and i.
22
Let j = -34 - -46. Calculate the highest common factor of j and 8.
4
Let i be 38 + 1 + ((-2)/(-2) - -2). What is the greatest common divisor of 105 and i?
21
Let r = 6 - 4. Suppose 4 = -r*b + 12. Suppose 0 = j - 2 - b. Calculate the greatest common divisor of j and 24.
6
Let w = 41 - 32. Suppose -155 = -3*o + 3*b + b, 3*o + 3*b = 120. Calculate the highest common factor of w and o.
9
Let n = 22 + -2. Let t = n + -2. Suppose 4*v - 22 - t = -4*g, -14 = -5*v + 4*g. What is the highest common factor of v and 9?
3
Suppose -10*z = -3*z - 28. Suppose 0 = -y + 3*y - 80. Calculate the greatest common divisor of y and z.
4
Suppose 21*a - 2091 = 744. Calculate the greatest common divisor of a and 5.
5
Suppose -4*g + 2*w = -w - 351, 5*w - 375 = -4*g. Calculate the greatest common divisor of 30 and g.
30
Suppose 3*r - 6 = -2*t + 4, 2*t - r = 10. Let q(o) = -4*o + 5 + 0*o + t*o. Let v be q(-3). Calculate the greatest common divisor of 16 and v.
2
Suppose 24*y - 274 = 23*y + 2*b, 0 = -5*y - 3*b + 1409. What is the greatest common divisor of y and 35?
35
Suppose 2*k - 13 - 25 = 0. Calculate the greatest common d